58071080?
0
What is the hundred millions digit of 331272305?
3
What is the ten millions digit of 654168138?
5
What is the hundred thousands digit of 1670063574?
0
What is the hundreds digit of 67120616?
6
What is the tens digit of 1378031987?
8
What is the hundreds digit of 503990526?
5
What is the units digit of 19300730?
0
What is the ten millions digit of 60838544?
6
What is the millions digit of 59052431?
9
What is the units digit of 57666564?
4
What is the tens digit of 89731919?
1
What is the millions digit of 46304791?
6
What is the hundred millions digit of 168042952?
1
What is the ten thousands digit of 1126135421?
3
What is the ten millions digit of 259435744?
5
What is the hundred thousands digit of 474720828?
7
What is the tens digit of 3434431292?
9
What is the units digit of 112114942?
2
What is the ten millions digit of 229045807?
2
What is the thousands digit of 141323660?
3
What is the hundred thousands digit of 6183946278?
9
What is the thousands digit of 7015689504?
9
What is the units digit of 1262263201?
1
What is the billions digit of 1118923316?
1
What is the tens digit of 118702530?
3
What is the ten millions digit of 75045802?
7
What is the thousands digit of 328451383?
1
What is the units digit of 39831208?
8
What is the hundreds digit of 568617696?
6
What is the ten thousands digit of 387607224?
0
What is the hundred thousands digit of 1511347485?
3
What is the hundreds digit of 39054800?
8
What is the thousands digit of 279117406?
7
What is the hundred millions digit of 361173904?
3
What is the ten thousands digit of 1911470807?
7
What is the ten millions digit of 735272855?
3
What is the millions digit of 33376819?
3
What is the units digit of 1035358715?
5
What is the hundred thousands digit of 96035597?
0
What is the millions digit of 3718230221?
8
What is the hundred millions digit of 4376221695?
3
What is the hundred thousands digit of 42546371?
5
What is the tens digit of 208146264?
6
What is the hundred thousands digit of 93973068?
9
What is the hundred thousands digit of 16517765?
5
What is the ten thousands digit of 269210539?
1
What is the hundred thousands digit of 453743534?
7
What is the hundred thousands digit of 35063000?
0
What is the thousands digit of 145750347?
0
What is the hundred thousands digit of 1898694206?
6
What is the tens digit of 9003717852?
5
What is the millions digit of 2699423944?
9
What is the ten thousands digit of 614273470?
7
What is the ten thousands digit of 568574916?
7
What is the ten millions digit of 50129070?
5
What is the millions digit of 829639686?
9
What is the hundred thousands digit of 139386005?
3
What is the millions digit of 952046857?
2
What is the millions digit of 241259820?
1
What is the hundreds digit of 14432492?
4
What is the millions digit of 12617341?
2
What is the ten thousands digit of 3239359?
3
What is the millions digit of 2882970772?
2
What is the tens digit of 57848091?
9
What is the ten millions digit of 7074879820?
7
What is the ten thousands digit of 244692450?
9
What is the hundred thousands digit of 1938062313?
0
What is the ten millions digit of 733408215?
3
What is the hundred thousands digit of 168295058?
2
What is the ten thousands digit of 60129604?
2
What is the hundreds digit of 1039946586?
5
What is the hundreds digit of 135599494?
4
What is the thousands digit of 13471760?
1
What is the hundred millions digit of 2071068584?
0
What is the tens digit of 68398863?
6
What is the hundreds digit of 49742760?
7
What is the ten thousands digit of 5942434816?
3
What is the ten millions digit of 51209475?
5
What is the ten thousands digit of 2156589385?
8
What is the thousands digit of 807792699?
2
What is the tens digit of 93274125?
2
What is the hundreds digit of 26662012?
0
What is the tens digit of 6105792?
9
What is the units digit of 72920080?
0
What is the hundred millions digit of 241226642?
2
What is the ten millions digit of 6726451410?
2
What is the ten thousands digit of 23588241?
8
What is the hundreds digit of 1974139729?
7
What is the thousands digit of 548656230?
6
What is the hundred thousands digit of 12255318?
2
What is the hundreds digit of 283720884?
8
What is the ten millions digit of 89548382?
8
What is the ten thousands digit of 3069810598?
1
What is the ten millions digit of 5252798025?
5
What is the ten thousands digit of 10919048?
1
What is the millions digit of 1871168083?
1
What is the tens digit of 600194300?
0
What is the hundred millions digit of 3485032086?
4
What is the hundred millions digit of 391861803?
3
What is the hundreds digit of 122270229?
2
What is the tens digit of 278093995?
9
What is the ten thousands digit of 204559464?
5
What is the billions digit of 2321127823?
2
What is the tens digit of 134222675?
7
What is the units digit of 39156742?
2
What is the hundreds digit of 152810976?
9
What is the ten thousands digit of 143993406?
9
What is the thousands digit of 264104409?
4
What is the millions digit of 38692188?
8
What is the hundred thousands digit of 607996716?
9
What is the hundreds digit of 767440223?
2
What is the units digit of 30079463?
3
What is the millions digit of 547922121?
7
What is the ten thousands digit of 1240937473?
3
What is the thousands digit of 93057437?
7
What is the ten thousands digit of 547844088?
4
What is the millions digit of 210466658?
0
What is the tens digit of 2955107250?
5
What is the hundred thousands digit of 84768637?
7
What is the ten millions digit of 1348963562?
4
What is the ten millions digit of 48440832?
4
What is the tens digit of 65787920?
2
What is the millions digit of 85351527?
5
What is the ten millions digit of 1306052764?
0
What is the units digit of 2773578179?
9
What is the thousands digit of 296179722?
9
What is the tens digit of 4371990553?
5
What is the hundreds digit of 1075409675?
6
What is the units digit of 843148940?
0
What is the hundred thousands digit of 48683320?
6
What is the tens digit of 451178065?
6
What is the hundreds digit of 38724441?
4
What is the units digit of 49745312?
2
What is the hundred thousands digit of 308876863?
8
What is the hundreds digit of 465639795?
7
What is the hundreds digit of 1171204631?
6
What is the thousands digit of 1772675599?
5
What is the thousands digit of 734042023?
2
What is the tens digit of 13317640?
4
What is the billions digit of 2366415697?
2
What is the thousands digit of 62920100?
0
What is the units digit of 2434539739?
9
What is the ten thousands digit of 309231843?
3
What is the billions digit of 1037478217?
1
What is the hundreds digit of 428689792?
7
What is the hundreds digit of 44135347?
3
What is the thousands digit of 5399322018?
2
What is the thousands digit of 115810648?
0
What is the hundred thousands digit of 3693149304?
1
What is the tens digit of 49164728?
2
What is the ten thousands digit of 18907133?
0
What is the millions digit of 420200469?
0
What is the thousands digit of 123269671?
9
What is the ten millions digit of 7405717465?
0
What is the hundred millions digit of 386532803?
3
What is the hundred millions digit of 586451688?
5
What is the ten millions digit of 126082536?
2
What is the thousands digit of 852589235?
9
What is the hundred thousands digit of 3044956142?
9
What is the tens digit of 334125559?
5
What is the thousands digit of 457136123?
6
What is the millions digit of 2628471437?
8
What is the units digit of 416433745?
5
What is the millions digit of 6506727?
6
What is the tens digit of 805938855?
5
What is the thousands digit of 516469081?
9
What is the hundred thousands digit of 31102852?
1
What is the tens digit of 41135946?
4
What is the hundred thousands digit of 13553731?
5
What is the hundred thousands digit of 32910279?
9
What is the thousands digit of 4084054571?
4
What is the millions digit of 50253159?
0
What is the hundred millions digit of 797703495?
7
What is the hundred millions digit of 153212012?
1
What is the hundred thousands digit of 522855773?
8
What is the hundreds digit of 58391338?
3
What is the units digit of 99840353?
3
What is the hundred thousands digit of 59563917?
5
What is the tens digit of 1056894821?
2
What is the ten millions digit of 919472141?
1
What is the thousands digit of 62163367?
3
What is the thousands 